03
What is -c325 (base 16) in base 2?
-1100001100100101
What is 564427 (base 8) in base 10?
190743
d2b118 (base 16) to base 6
1211541240
Convert -11520253 (base 6) to base 14.
-9825b
Convert -240dda (base 14) to base 7.
-13320663
What is 804bc (base 13) in base 15?
47e2e
Convert -1000010010011010010 (base 2) to base 9.
-453464
-32110343 (base 7) to base 10
-2725313
Convert 8563284 (base 10) to base 11.
49197a4
Convert 118153 (base 9) to base 14.
1c123
50706 (base 12) to base 8
314366
What is -10111000100101011110 (base 2) in base 8?
-2704536
122200000102112 (base 3) to base 9
18600375
What is 5ffeaf (base 16) in base 13?
13c3673
What is 1a741 (base 12) in base 2?
1001100010100001
What is -56346111 (base 8) in base 3?
-211220121221220
-35542255 (base 6) to base 9
-2083158
1213312311 (base 4) to base 5
102103042
Convert b0d8a (base 14) to base 9.
717285
Convert 525044 (base 8) to base 2.
101010101000100100
Convert 503350322 (base 6) to base 7.
132553346
What is -110000111001000101001 (base 2) in base 11?
-9a4745
What is 27c14 (base 14) in base 6?
2035334
What is -1c59b (base 13) in base 6?
-1110442
362153 (base 8) to base 7
1024356
What is -2329c (base 14) in base 4?
-110321122
-30a8856 (base 11) to base 9
-11261205
What is 1111010100101100101010 (base 2) in base 7?
46100122
Convert 320185 (base 12) to base 15.
108828
Convert 2a0dd (base 15) to base 8.
410050
What is -12261662 (base 8) in base 5?
-1143244443
Convert 11010000001001101 (base 2) to base 16.
1a04d
What is 4004535 (base 6) in base 10?
187691
What is -17225435 (base 8) in base 10?
-4008733
Convert -3a7b5 (base 13) to base 12.
-530a0
13ddb (base 16) to base 7
456143
9735a (base 12) to base 14
52862
What is -2001100000101 (base 3) in base 7?
-12154216
Convert 21135534 (base 6) to base 12.
25a5aa
321810 (base 9) to base 3
100201220100
-1a5fc9 (base 16) to base 5
-420302312
Convert 205b59 (base 14) to base 16.
10a813
What is 47667 (base 10) in base 14?
1352b
Convert 19651 (base 13) to base 5.
3040124
-14235245 (base 6) to base 11
-303032
Convert 1602706 (base 8) to base 10.
460230
-10584db (base 15) to base 13
-2558831
Convert -1001001001110010 (base 2) to base 12.
-19842
What is -102010112220002 (base 3) in base 15?
-7bcc3b
Convert -11100010110110 (base 2) to base 4.
-3202312
-61aba (base 12) to base 16
-1f2ee
Convert -131121221100 (base 4) to base 2.
-11101011001101001010000
What is 211443524 (base 6) in base 16?
38cecc
-3314182 (base 9) to base 3
-10100111012202
3045010 (base 6) to base 5
14134423
2c083 (base 13) to base 15
19b7d
Convert 27536 (base 13) to base 4.
101322233
Convert 1a18a97 (base 11) to base 2.
1101000000001100100100
-2277116 (base 9) to base 8
-4546352
-3355452 (base 6) to base 10
-171032
2654611 (base 7) to base 6
11255311
What is 3008e (base 15) in base 5?
14331014
Convert 4d243 (base 15) to base 9.
415600
-551153 (base 9) to base 15
-676c3
What is -4573 (base 8) in base 6?
-15123
14f20 (base 16) to base 4
110330200
Convert 830373 (base 13) to base 3.
12202021220110
What is 262643335 (base 7) in base 6?
1400244114
a390bb (base 13) to base 8
16442054
What is -325613 (base 8) in base 13?
-3aa84
16a8932 (base 12) to base 8
21736466
Convert -40413 (base 11) to base 2.
-1110011010110110
Convert 324f5e (base 16) to base 7.
40011406
What is -379a99 (base 15) in base 8?
-12125465
-20594 (base 13) to base 7
-331232
Convert -1031142 (base 5) to base 13.
-8075
Convert -54123100 (base 8) to base 15.
-103a2d1
Convert -1100110110011011 (base 2) to base 11.
-36600
Convert -123033525 (base 6) to base 4.
-21012010331
What is 12523514 (base 6) in base 12?
18059a
10110022402 (base 5) to base 8
47030111
What is 180a8 (base 16) in base 7?
560043
Convert 1ca92d (base 16) to base 9.
3472508
Convert 1115062 (base 11) to base 16.
1dd0b8
Convert -11096a (base 14) to base 10.
-578098
-2459046 (base 11) to base 3
-22001001211222
What is -135366 (base 8) in base 12?
-23846
1100101001101 (base 2) to base 7
24612
What is -112404001 (base 5) in base 4?
-1331033221
1210133 (base 7) to base 3
21210212222
324512 (base 7) to base 12
28a95
What is -1038878 (base 10) in base 5?
-231221003
What is -2210222101 (base 3) in base 9?
-83871
What is -11230441 (base 5) in base 2?
-11000111001101100
Convert -311323142 (base 5) to base 14.
-25338c
-81ca4 (base 15) to base 14
-a9c17
Convert -4092a (base 12) to base 14.
-229d8
What is -414204 (base 7) in base 11?
-4946a
Convert 129825 (base 12) to base 8.
1127535
What is -4b81 (base 12) in base 7?
-34024
-923053 (base 10) to base 4
-3201112231
Convert d6100 (base 15) to base 3.
1021110212100
What is 4aa339 (base 11) in base 6?
25123425
Convert -1aa6c23 (base 13) to base 15.
-b99678
Convert 1371633 (base 9) to base 4.
2320200300
1376351 (base 8) to base 5
100024200
What is -30303135 (base 6) in base 13?
-243266
What is -1213110133 (base 4) in base 11?
-269a57
1103512123 (base 6) to base 9
24414686
17a3b86 (base 13) to base 2
11101011100110001011110
1442203 (base 6) to base 9
136423
3202020033 (base 4) to base 11
582981
Convert -2321616 (base 7) to base 5.
-33304141
Convert 282881 (base 9) to base 10.
172765
-258338 (base 16) to base 14
-47dcda
-35748a (base 11) to base 16
-8a3f1
-2de14 (base 15) to base 6
-3102314
Convert 1130222012 (base 4) to base 5.
44121101
What is -1aa2c9 (base 14) in base 10?
-949993
-17a904 (base 13) to base 9
-1105714
Convert 1074369 (base 11) to base 3.
10112111121121
281125 (base 13) to base 3
1211110100111
Convert 2667102 (base 9) to base 11.
909244
Convert 2e5c1 (base 16) to base 4.
232113001
What is 60703314 (base 8) in base 16?
c386cc
Convert -68793c (base 15) to base 11.
-28a6858
-165068a (base 13) to base 3
-111112201111010
What is -310405033 (base 6) in base 16?
-51a64d
-10122221222210 (base 3) to base 16
-1db8ea
57996 (base 10) to base 16
e28c
Convert -8b384 (base 15) to base 14.
-b75b6
-164441 (base 8) to base 3
-10000212102
11870849 (base 10) to base 8
55221201
Convert -66189 (base 12) to base 15.
-2a023
Convert 1010011100001010000010 (base 2) to base 16.
29c282
What is -100120012001 (base 3) in base 11?
-119458
441373 (base 8) to base 2
100100001011111011
Convert 22202210210 (base 3) to base 4.
222021120
Convert 1e533 (base 15) to base 13.
36111
What is 13414203 (base 6) in base 7?
3565260
1130012102 (base 4) to base 9
634418
Convert -516324 (base 7) to base 11.
-6067a
What is 838673 (base 10) in base 3?
1120121102222
Convert 8cd41c (base 15) to base 14.
c718d8
What is 2026330 (base 9) in base 10?
1080648
What is 104155154 (base 6) in base 10?
1881646
What is 975ce (base 15) in base 3?
220102012212
Convert 221012101111 (base 3) to base 4.
1321012003
Convert 11011110010110010101110 (base 2) to base 14.
d7931c
Convert -5621463 (base 7) to base 2.
-10101001100011001001
10a0357 (base 14) to base 4
132030031321
527134 (base 10) to base 8
2005436
What is 261397 (base 11) in base 5?
101133443
What is 173e8 (base 16) in base 2?
10111001111101000
Convert -4073366 (base 8) to base 12.
-440532
What is -320353 (base 10) in base 11?
-1a9760
Convert 23b35 (base 16) to base 13.
51735
What is 5663175 (base 8) in base 12?
61b591
What is -24140243 (base 7) in base 4?
-20023133132
Convert 106452 (base 7) to base 6.
224230
What is 1100110111000011001110 (base 2) in base 8?
14670316
Convert 101010010110101011 (base 2) to base 5.
21022413
What is d148e (base 16) in base 13?
24024a
8dbb3e (base 15) to base 16
675830
Convert -105261346 (base 7) to base 8.
-30327066
-683666 (base 9) to base 11
-25a747
11721 (base 16) to base 8
213441
Convert 1477261 (base 9) to base 15.
112974
-1720f9 (base 16) to base 10
-1515769
604e9b (base 15) to base 9
8540032
Convert 25794 (base 15) to base 8.
352037
Convert -20022211312 (base 4) to base 10.
-2140534
Convert 100110000110100010 (base 2) to base 12.
76396
What is 21021110120122 (base 3) in base 9?
7243518
25a59b3 (base 12) to base 2
11100010110110101010111
What is 2a6913 (base 11) in base 13?
139507
Convert 2242350 (base 7) to base 5.
32420014
-320494 (base 13) to base 2
-100011110000101010110
2330400313 (base 5) to base 7
63156011
What is 1645687 (base 10) in base 15?
227927
Convert -37b2 (base 14) to base 13.
-459a
What is -14061621 (base 9) in base 13?
-1594141
Convert 877049 (base 12) to base 6.
114012133
Wh